= a + 2*r - 95. Let d = -61 + a. What are the prime factors of d?
19
Let i = 554 + -98. List the prime factors of i.
2, 3, 19
Let q = -94 - -27. Let n = 22 - q. List the prime factors of n.
89
Let g(q) = 2*q**3 + q**2 + 4*q + 9. List the prime factors of g(10).
7, 307
Suppose 15 = -5*o, 2*k - 5*o + 417 = 6*k. Suppose 16 = 3*h + 5*p - 65, k = 4*h - 2*p. What are the prime factors of h?
3
Suppose -10*m + 15*m + 50 = 0. Let l(z) = -9*z - 15. List the prime factors of l(m).
3, 5
Suppose 169*x - 46624 = 138*x. List the prime factors of x.
2, 47
Suppose 5*y + 20 = 0, -4*a - 3*y = -0*a + 12. Suppose -n + 110 = -a*n - 3*p, -5*n + p + 508 = 0. What are the prime factors of n?
101
Let f(d) = 2*d**3 - 11*d**2 - 7*d + 4. List the prime factors of f(9).
2, 127
Suppose a - 326 = 4*v, a + a - 636 = 4*v. What are the prime factors of a?
2, 5, 31
Let u(m) = 73*m + 18. List the prime factors of u(3).
3, 79
Let c(k) = 82*k - 324. Let d be c(4). Suppose -1 = 2*w - 5. Suppose 0 = -d*a - w*t - t + 282, 0 = -4*a + 4*t + 296. What are the prime factors of a?
2, 3
Suppose 9 = 3*u + 2*g, 3*g - 18 + 3 = -5*u. Let l be 2/u*(13 - 4). List the prime factors of 144/l + 2/1.
2, 13
What are the prime factors of -963*(6 - 2 - (-192)/(-36))?
2, 3, 107
Let x = 29 - 31. Let s(f) = -11*f**3 - 5*f**2 - 3*f + 2. What are the prime factors of s(x)?
2, 19
Let x be 4*1*-2 - (-4 + 1). What are the prime factors of 38*2 + 2 + (x - -4)?
7, 11
Let h = 6 - 1. Let r be (h - 3)/(2/3). Suppose 1 = -4*q + w + 60, r*q + 4*w = 30. List the prime factors of q.
2, 7
Let f(d) = 103*d - 10. What are the prime factors of f(5)?
5, 101
Let x be ((-7)/(-21))/(1/9). Suppose 0 = 3*i, 6*g + 3*i - 12 = x*g. Let n = 10 + g. List the prime factors of n.
2, 7
Suppose -5*f - 7 = -2*u, u + 2*u - 21 = -3*f. Let q = u - 10. What are the prime factors of (-1464)/(-32) + (-1)/q?
2, 23
Suppose -b = 3*l - 10813, 3*b + 2 - 14 = 0. List the prime factors of l.
3, 1201
Let u(s) be the first derivative of s**3/3 - s**2/2 - 5*s - 40. List the prime factors of u(6).
5
Suppose -3*w + 2767 = 52*n - 50*n, -5*n = 20. What are the prime factors of w?
5, 37
Let a(w) = 103*w**2 + w + 5. List the prime factors of a(-3).
929
Suppose -4*a - 2*r + 1454 = 0, 6*a - 4*r - 1460 = 2*a. List the prime factors of a.
2, 7, 13
Suppose -4*o = -2*v - 2, -8 = -3*v - v + 4*o. Suppose -v*a + 19 = d, 15 = -a + 2*a + 3*d. What are the prime factors of a?
3
Let o(k) = 3*k**2 - 15*k - 11. List the prime factors of o(-10).
439
Suppose -90*d - 26700 = -115*d. What are the prime factors of d?
2, 3, 89
Let t(x) be the second derivative of x**4/3 - 5*x**3/6 + 3*x**2 - 5*x. Let r be t(5). Suppose g = 3*u - 159, 2*u - r = -g + 20. What are the prime factors of u?
2, 13
Let i = 191 + -197. Let g(p) = -p**3 - 5*p**2 - 4*p + 4. Let o be g(-4). List the prime factors of (-8)/i*6/o.
2
Let c(s) = -56*s + 54. What are the prime factors of c(-7)?
2, 223
Let d = -678 - -3855. What are the prime factors of d?
3, 353
Let w(o) = -2*o**2 - 6*o. Let u be w(-3). Let t(p) = p**2 - p + 202. What are the prime factors of t(u)?
2, 101
Let q(n) = 64*n + 15. List the prime factors of q(5).
5, 67
Let q = 37 - -241. Let w = q + -162. What are the prime factors of w?
2, 29
Let r = -124 - -178. Let y = 128 - r. Suppose -4*t - y = -2*s - 3*t, -s = -2*t - 37. What are the prime factors of s?
37
Suppose d = -2*r - 2256, 4*d = 3*r + r + 4536. List the prime factors of r/(-10) - (-3 - 1).
3, 13
Let d(g) be the third derivative of g**4/8 + 15*g**3/2 - 9*g**2 - 1. List the prime factors of d(-4).
3, 11
Let d(i) = -2*i - 3. Let f be d(-13). Suppose -f*n + 24*n = 47. List the prime factors of n.
47
Let i(t) = -7 + t**3 - 6*t**2 - 4*t**3 + 3*t + 2 + 2*t**3. Let a be i(-7). Suppose 3*o + a = v + 9, -o - 18 = -3*v. What are the prime factors of v?
5
Let n(v) = v - 3. Let b be n(6). Suppose -b*o - 42 = -w, 47 = 2*w + o - 16. Suppose 9 = -2*g + w. List the prime factors of g.
2, 3
Let u(f) = f**3 + 7*f**2 - 3*f + 2. Let s be u(-7). Suppose m = -3*m + 8. Suppose m*t = -s + 63. List the prime factors of t.
2, 5
What are the prime factors of (-10)/((8/16)/(116/(-8)))?
2, 5, 29
Let p(k) = k + 10. Let u be p(-6). Suppose -u*h = -h + 4*d - 215, -2*d = 2*h - 142. List the prime factors of h.
3, 23
Let f(h) = 1 - 6 + 29*h - 4 + 8. Let i be f(1). Suppose 2*o - o - i = 0. What are the prime factors of o?
2, 7
Let f(x) = -x**2 + x - 1. Let l(s) = s**2 + s - 1. Let y(n) = 13*n**2. Let q(a) = -6*l(a) + y(a). Let k(t) = 4*f(t) + q(t). What are the prime factors of k(-3)?
5, 7
Suppose 0 = 68*z - 13*z - 43615. What are the prime factors of z?
13, 61
Let g(j) = 179*j**2 - 12*j - 2. List the prime factors of g(-2).
2, 3, 41
Let n(z) = -180*z + 113. List the prime factors of n(-5).
1013
Suppose 0 = -4*m + 3*h + 489, -36*m + 35*m + h = -123. List the prime factors of m.
2, 3, 5
Suppose -2*c + 4269 - 289 = 4*u, 1982 = 2*u + 5*c. List the prime factors of u.
2, 3, 83
Suppose -2*o = 3*i - 18, -2*o + 4*i - 4 = 6. Suppose 0 = -o*n + 5*n - 8. Suppose -h = -0*z + z - 53, n*z - h - 212 = 0. What are the prime factors of z?
53
Suppose 0 = -5*g - 2*x + 10, 4*g + x - 4 = 4. What are the prime factors of (-278)/(g - (5 - 1))?
139
Let n be (-18)/24*(-2 - 18). Suppose -3*z - 3 + n = 0. What are the prime factors of (-1*z)/(12/(-84))?
2, 7
Suppose -9*a + 87 = -6*a. Suppose 0 = i - 4 - a. List the prime factors of i.
3, 11
Let p(w) = 2*w**2 - 5*w - 1. Let z(o) = 4*o**2 - 10*o - 1. Let r(b) = -7*p(b) + 4*z(b). List the prime factors of r(3).
2, 3
Suppose 4*v + 5*h + 2 = 0, 6*v - 5*h = v + 20. Suppose 0 = m + v*m + 108. What are the prime factors of 245/9 + 8/m?
3
Let o be (-1)/(14/(-4)) + (-4392)/(-14). Suppose -5*a = i - 538, -3*a - i = 4*i - o. What are the prime factors of a?
2, 3
Let r be (2/(-4))/((-1)/38). Let q be (-7)/(-3) + -2 + 4/(-12). Suppose 3*o - 2*l - r = 2*o, q = o - 3*l - 22. What are the prime factors of o?
13
Let r = 72 - -75. What are the prime factors of r?
3, 7
Let y(q) = 6*q**2 - 3*q + 1. Let t be y(1). Suppose t*m + 2*m = 126. What are the prime factors of m?
3, 7
Suppose -9252 = -284*v + 272*v. List the prime factors of v.
3, 257
Suppose 108 = 3*o - 117. Let k = -13 + o. List the prime factors of k.
2, 31
Suppose -74*u + 67*u = -217. List the prime factors of u.
31
Let s be (2 - 1)/((-2)/(-6)). Let k = s + 3. What are the prime factors of (-2595)/(-60) - k/(-8)?
2, 11
Suppose 0 = -13*x - 3*x + 15408. List the prime factors of x.
3, 107
Suppose -3*y + 258 = -0*y. Let b be (y/(-6))/(7/(-21)). Suppose 3*n - a = 7*n - b, 3*n + 4*a - 42 = 0. List the prime factors of n.
2, 5
Let r be 1*224/36 + 4/(-18). Suppose -86 = -5*u + a, 0*u = -u + 3*a + r. What are the prime factors of u?
2, 3
Suppose -s = 3*z + 7, -3*z - 13 = -2*s - 0*s. Let w be 1 + 4 + (2 - s). Let c = w + 14. What are the prime factors of c?
19
Let k be ((-65)/26)/((-1)/2). Suppose -k*x + x = 0. Suppose -30*z + 33*z - 225 = x. What are the prime factors of z?
3, 5
Suppose 0 = -6*p + 2*p - 52. Let d = 133 + p. What are the prime factors of d?
2, 3, 5
Let w(p) = 9*p - 5 + p**2 + 2*p + 0*p. Suppose -156 = 73*b - 60*b. List the prime factors of w(b).
7
Suppose 6*f - 1050 = f. Suppose 6 - f = -6*l. List the prime factors of l.
2, 17
Let u be (0 - 2)*(-21 + 16). List the prime factors of (-16)/u*(-2990)/52.
2, 23
What are the prime factors of (4 - 7 - -283)/2?
2, 5, 7
Let r(f) = 53*f**2 + 3*f - 3. List the prime factors of r(8).
3413
Let a(v) = v - 3. Let m(z) = z - 1. Let f(h) = 3*a(h) - 15*m(h). Let g be f(-6). Suppose 21 = 3*b - 4*s - 36, -g = -5*b + s. List the prime factors of b.
3, 5
Let o = -1720 - -2619. List the prime factors of o.
29, 31
Suppose 1805 + 3841 = 4*j - 5*v, 2*j + 3*v = 2812. List the prime factors of j.
1409
Suppose 0 = 68*n - 79*n + 11209. What are the prime factors of n?
1019
Let g(n) = -n + 2. Let j be (-1 + 0)*-2 + -4. Let d be g(j). Suppose d*q + 2*w - 8 = -3*w, q - 2 = 2*w. What are the prime factors of q?
2
Suppose 15 = -4*n + 3*x, -2*n + 28 = 4*x + 8. Suppose 2*m + 5*l = -0*m + 20, n = -3*m + 2*l + 11. List the prime factors of m.
5
Let p = 4 - 5. Let q(v) = -28*v**2 - 6*v - 3. Let t(z) = 9*z**2 + 2*z + 1. Let n(b) = -3*q(b) - 8*t(b). List the prime factors of n(p).
11
Let o(m) = -2*m**2 + 12*m - 6. Let f be o(5). Suppose -2